 + d**2. Suppose -5*h + 16 = 1. List the prime factors of y(h).
2, 3
What are the prime factors of (-3 - (3 + -4)) + 10?
2
Suppose -4*b = 4*k - 76, 5*k - 79 = k - 5*b. Suppose -69 = -3*r + c, 2*c - 46 = -3*r + r. Let l = r - k. What are the prime factors of l?
7
List the prime factors of 79*(-1)/(4/(-4)).
79
Let c = -11 + 17. Let d = c + 1. What are the prime factors of d?
7
List the prime factors of 1882/5 + (-2)/5.
2, 47
Let i be (38/1)/2 - 3. Suppose 5*w - i = -y - 3, y - 5 = -w. What are the prime factors of w?
2
Let z(j) = 3*j**2 + 4*j + 2. Suppose 0 = 4*s - 2*f + 16, 5*f - 1 = -5*s + 2*s. What are the prime factors of z(s)?
17
Suppose 14 - 94 = -5*i + 5*t, 0 = -4*i + t + 49. What are the prime factors of 6*i/2 + 2?
5, 7
Let u(g) = g**2 - 6*g - 9. Suppose -29 = -f - 4*f - 4*p, 0 = 5*f - p - 24. Suppose 4*x = n, -n = -4*n - f*x + 34. What are the prime factors of u(n)?
7
Let y(x) = -x**3 - 3*x**2 - 2*x - 3. List the prime factors of y(-4).
3, 7
Suppose -2*b = -0*b - 4. Suppose 2*c = -b*c + 40. What are the prime factors of c?
2, 5
Suppose 3*u - 66 = u. What are the prime factors of u?
3, 11
Suppose -44 = r - 62. What are the prime factors of r?
2, 3
Let q be 6 - 4 - (0 - -298). What are the prime factors of q/(-12) - (-2)/(-3)?
2, 3
Let u = -12 + 20. What are the prime factors of 5 + u + (-1 - 0)?
2, 3
Let z = 4 + -2. Let f = -24 + 16. List the prime factors of (-44)/f*1*z.
11
Suppose 23*n - 4409 - 2238 = 0. What are the prime factors of n?
17
Let c(y) = -3*y**3 - 3*y**2 - 5*y - 4. Let d be c(-4). Suppose 3*u + d = 8*u. List the prime factors of u.
2
Let n be 39/15 - 2/(-5). Let w be (n/2)/(3/4). Suppose 2*r - 12 = -4*v, w*v + 0*v - 4*r = 26. What are the prime factors of v?
5
Let k(p) = -7*p - 2. Let u be 1 + (-9)/(-2 + 5). What are the prime factors of k(u)?
2, 3
Suppose -2*d - 3 = 5*k, -2*k - 3*d + 3 = 2. Let o(c) = c**2 + 3*c - 2. Let i be o(-3). What are the prime factors of k + 15/3 + i?
2
Let p(o) = o**3 - 3*o**2 - 7. What are the prime factors of p(5)?
43
Let b(l) = l**3 - l**2 - l. Let j be b(2). Suppose -j*p - i = -14, i = p + 6 - 19. List the prime factors of p.
3
Let k = -10 + -8. Let t be 3*(-2)/(k/15). Let z = t + 1. List the prime factors of z.
2, 3
Let k(v) = 109*v**3 - 2*v**2 + 7*v - 5. List the prime factors of k(1).
109
Let a(k) = k**2 - 6*k. List the prime factors of a(-7).
7, 13
Let s(z) = -z**2 + 3*z + 1. Let w be s(3). What are the prime factors of (-62)/(-10) + w/(-5)?
2, 3
Suppose 2*z + 10 = 0, -5*x - 2*z + 123 = 28. Let p(j) = 2*j**2 + 9*j - 5. Let d be p(-7). Let y = d - x. List the prime factors of y.
3
Let i(s) = 2 + 0 - 4*s - 4. Let o(j) = 2*j**2 - 14*j - 4. Let y be o(7). What are the prime factors of i(y)?
2, 7
List the prime factors of (-1)/(-3) + 89/3.
2, 3, 5
Let s = 1 - 1. Suppose -k = -l, k - 2*k = 5*l - 18. Let d = k - s. What are the prime factors of d?
3
Let o = -31 + 50. List the prime factors of o.
19
What are the prime factors of (-172)/(-5) + (-24)/60?
2, 17
Let a(r) = -24*r - 91. What are the prime factors of a(-7)?
7, 11
Suppose 4*x - 3*d - 1780 = 0, -4*x = -d + 3*d - 1760. List the prime factors of x/39 - (-2)/(-6).
11
Suppose 5*q - 5*d = 111 + 9, 5 = 5*d. List the prime factors of q.
5
Let s = 3 - 3. Suppose 4*b = -g, -63 = -4*g - s*b + 5*b. List the prime factors of g.
2, 3
Let q(p) = -3*p + 2. Let l(d) = -9*d + 6. Let z(s) = 4*l(s) - 11*q(s). Let h be z(-5). Let j = 27 - h. List the prime factors of j.
2, 5
Suppose -4*o = -298 + 70. What are the prime factors of o?
3, 19
Suppose 0 = -4*t - 1 + 25. Suppose l = t*l - 3*a - 3, -2*a = 2. Suppose 22 = d - l*d - 4*g, 34 = 5*d - g. What are the prime factors of d?
2, 3
Let q(h) = h**2 + 3*h - 2. Let x be q(-4). Suppose -x*j - 6 = -j. Let b = j - -14. What are the prime factors of b?
2
Suppose 0 = -g + 5*t - t - 7, 2*g - 13 = -t. Suppose -g*k + 5 = -5. Suppose 0*f + f - s = 14, -k*f + 16 = 2*s. List the prime factors of f.
11
Let w(s) be the third derivative of -s**6/30 - s**5/30 - s**4/12 - s**3/3 + 3*s**2. What are the prime factors of w(-2)?
2, 13
Suppose 408 = -6*k + 1692. List the prime factors of k.
2, 107
Let t be 2/(-3) - 4/(-6). Let j(m) = -m**2 - 3*m**2 + 3*m**2 - m + 7. What are the prime factors of j(t)?
7
Let z be 16/10 - (-2)/5. Suppose -k + z*k - 6 = 0. What are the prime factors of k?
2, 3
Let a = -25 + 30. What are the prime factors of a?
5
Let y = -15 + 79. Let q = -36 + y. List the prime factors of q.
2, 7
Let h be (6/4)/((-5)/30). List the prime factors of (-137)/h - (-4)/(-18).
3, 5
Let b = 68 - 16. What are the prime factors of b?
2, 13
Suppose p - 2*l + 8 = 0, -19 = 3*p + p + 5*l. Let g = 0 + 2. What are the prime factors of (4/p)/(g/(-9))?
3
Suppose -2*p = p + 2*v - 150, 4*p + v = 205. What are the prime factors of p?
2, 13
List the prime factors of ((-12)/3)/(-4) + 30.
31
Suppose 3*q = 5*q - 36. Suppose 0 = 4*c + 2 - q. Suppose -2*d = -5*k + 4, -k - 2*k = -2*d + c. List the prime factors of d.
2
Suppose 4*m = -4*h - 0*h + 76, 0 = -3*m + 2*h + 77. Suppose m + 76 = 3*b. What are the prime factors of b?
3, 11
Let o be (2 - 0)*(-30)/(-4). Suppose 5*x - 15 = -5*d, -5*x + 5*d - d + o = 0. Suppose -7*s + 44 = -x*s. What are the prime factors of s?
11
Let d(x) = x**2 + 6*x + 9. What are the prime factors of d(-9)?
2, 3
Suppose 3*w = -15, 3*i + i = 4*w + 36. Suppose -i = -u + 1. What are the prime factors of u?
5
Suppose -9*r = -11*r + 20. List the prime factors of r.
2, 5
Suppose 67 = 4*w - 3*w - 5*t, 2*t + 136 = 3*w. List the prime factors of w.
2, 3, 7
Let w be (-2)/12 + 75/18. Suppose 5*s + 19 = -g, -w*s - 4 = -2*g - 0. What are the prime factors of 2/g*(-25 - -3)?
11
Suppose 26 - 6 = -4*b, 0 = 3*q + 4*b + 8. Let v be 4/q*(1 - -4). Suppose -28 = -5*g - 2*t, -v*t - 4 + 40 = 4*g. What are the prime factors of g?
2
Let d be (-1)/((3 + -6)/(-3)). What are the prime factors of (-118)/(-3) - d/(-3)?
3, 13
Suppose 3*z = t - 18 + 188, 3*z - 3*t - 162 = 0. What are the prime factors of z?
2, 29
Let a(t) = t**3 - 2*t**2 - t + 2. Let n be ((-5)/(-4) + -2)*-4. Let i be a(n). List the prime factors of (i - -1) + (-1 - 1).
7
Suppose 3*d + 2*y = 80, 4*d = -d + 3*y + 146. Suppose -3*c = -c - d. List the prime factors of c.
2, 7
Suppose -x - 50 = 3*l, 50 = -4*l + 2*x - 0*x. What are the prime factors of (-3)/(-1) + 0 - l?
2, 3
Let t(g) be the first derivative of -g**2 - 2*g + 3. List the prime factors of t(-8).
2, 7
List the prime factors of ((-369)/18)/(2/(-4)).
41
Let i = -38 - -47. What are the prime factors of i?
3
Let y be (8 - 4) + -2 + 0. Suppose 2*v - s = 51 - y, 73 = 4*v + 3*s. What are the prime factors of 1/(-5) - v/(-10)?
2
Suppose 4*s - s = 93. Let l = -19 + s. Suppose -2*h - 4*m + 6 = 3*h, -4*h + l = -4*m. List the prime factors of h.
2
Suppose 0 = 4*s + s. Suppose c - 4 + 2 = s. Let v = c - -2. List the prime factors of v.
2
Suppose -2*w = -5*w + 9. Suppose -w*c - c = 2*v - 168, 0 = -3*c - v + 128. List the prime factors of c.
2, 11
Let z(g) = 26*g**3 + 2*g**2 - 1. Let f be z(1). Suppose 6*j - 3*j + f = 0. Let n = 17 + j. What are the prime factors of n?
2
Suppose -5*f + 30 = 3*l + 2*l, -34 = -3*l + 5*f. Let g(c) = 3*c - 1. What are the prime factors of g(l)?
23
Let z = 9 + 29. List the prime factors of z.
2, 19
Let h = 19 - 10. What are the prime factors of h?
3
Suppose 4*y - 29 = -5. Let h = y + -2. What are the prime factors of h?
2
Let t(n) = 11*n - 29. List the prime factors of t(11).
2, 23
Suppose -3*g + 76 = g. What are the prime factors of g?
19
Let m(o) = o**3 + 3*o**2 - 5*o + 3. Let g be m(-4). Suppose -16 = -g*i + 3*i. List the prime factors of i.
2
What are the prime factors of (279/(-12))/(15/(-40))?
2, 31
Let n(f) = -30*f - 5. List the prime factors of n(-5).
5, 29
Let w(y) = y**3 - 3*y**2 - 2*y - 3. Let g be w(4). Suppose g*c - 184 = c. List the prime factors of c.
2, 23
Let t(s) = 3*s - 11. Let w be t(5). Suppose -w*y + 66 = -30. What are the prime factors of y?
2, 3
Suppose -q + 0*q = -40. List the prime factors of q.
2, 5
Let w(k) = -11*k + 11. Let i(o) = -5*o + 6. Let y(a) = -7*i(a) + 3*w(a). What are the prime factors of y(6)?
3
What are the prime factors of 4/(-2) - 1 - -7?
2
Suppose 6*g + 25 = g. Let p(h) = 3*h - 7. Let z(r) = r - 2. Let j(b) = 2*p(b) - 7*z(b). What are the prime factors of j(g)?
5
Let u